{"id":1241,"date":"2025-08-26T14:23:56","date_gmt":"2025-08-26T21:23:56","guid":{"rendered":"https:\/\/www.dixonusd.org\/higgins\/?page_id=1241"},"modified":"2025-09-16T11:27:40","modified_gmt":"2025-09-16T18:27:40","slug":"test","status":"publish","type":"page","link":"https:\/\/www.dixonusd.org\/higgins\/test\/","title":{"rendered":"test"},"content":{"rendered":"<p>[et_pb_section fb_built=&#8221;1&#8243; admin_label=&#8221;section&#8221; _builder_version=&#8221;4.27.4&#8243; global_colors_info=&#8221;{}&#8221;][et_pb_row admin_label=&#8221;row&#8221; _builder_version=&#8221;4.16&#8243; background_size=&#8221;initial&#8221; background_position=&#8221;top_left&#8221; background_repeat=&#8221;repeat&#8221; global_colors_info=&#8221;{}&#8221;][et_pb_column type=&#8221;4_4&#8243; _builder_version=&#8221;4.16&#8243; custom_padding=&#8221;|||&#8221; global_colors_info=&#8221;{}&#8221; custom_padding__hover=&#8221;|||&#8221;][et_pb_image src=&#8221;https:\/\/www.dixonusd.org\/higgins\/wp-content\/uploads\/sites\/5\/2022\/11\/gretchen-higgins-logo-20221129-300.jpg&#8221; alt=&#8221;Gretchen Higgins Elementary School Logo&#8221; title_text=&#8221;Gretchen Higgins Elementary School&#8221; align=&#8221;center&#8221; _builder_version=&#8221;4.27.4&#8243; _module_preset=&#8221;default&#8221; max_width=&#8221;200px&#8221; global_colors_info=&#8221;{}&#8221;][\/et_pb_image][et_pb_text _builder_version=&#8221;4.27.4&#8243; _module_preset=&#8221;default&#8221; header_text_color=&#8221;#85200c&#8221; custom_css_free_form=&#8221;table, th, td {||  border: 1px solid;||}||ol {||    list-style-position:outside !important;||}&#8221; global_colors_info=&#8221;{}&#8221;]<\/p>\n<h1 class=\"en\" style=\"text-align: center;\"><b>Gretchen Higgins Elementary School<\/b><\/h1>\n<h3 class=\"en\" style=\"text-align: center;\"><b>Dual Immersion Program- 90\/10 Model Spanish\/English<\/b><\/h3>\n<h1 class=\"es\" style=\"text-align: center;\"><b>Escuela Primaria de Gretchen Higgins<\/b><\/h1>\n<h3 class=\"es\" style=\"text-align: center;\"><b>Programa de Inmersi\u00f3n- Modelo 90\/10 Espa\u00f1ol\/ Ingl\u00e9s\u00a0<\/b><\/h3>\n<p>&nbsp;<\/p>\n<div class=\"en\">\n<p><span style=\"font-weight: 400;\">Welcome to Gretchen Higgins Elementary School!\u00a0 We are a 90\/10 dual immersion school, TK \u2013 3rd\u00a0 grade. The entry point in dual immersion is Transitional Kindergarten or Kindergarten only, unless you are currently enrolled in a dual immersion program and would like to apply and be considered for another grade level. We will be hosting our orientation meetings in January and February for next year\u2019s enrollment.\u00a0 We accept applications from across and outside of the district for incoming transitional kindergarten or kindergarten students.\u00a0 Below is the application process:<\/span><\/p>\n<ol>\n<li style=\"list-style-type: none;\">\n<ol>\n<li style=\"font-weight: 400;\" aria-level=\"1\"><span style=\"font-weight: 400;\">Attend an orientation meeting \u2013 <\/span><span style=\"font-weight: 400;\"><mark>RSVP to secure your seat-click on link\u00a0<\/mark><\/span><\/li>\n<li style=\"font-weight: 400;\" aria-level=\"1\"><b>Click on Link: <\/b><b><i>Oprima el enlace<\/i><\/b><b> :<\/b> <a href=\"https:\/\/forms.gle\/sQW71YUaLtWYhF538\"><b><mark>Orientation Sign Up\/ Registro para Orientaci\u00f3n<\/mark><\/b><\/a><\/li>\n<li style=\"font-weight: 400;\" aria-level=\"1\"><span style=\"font-weight: 400;\">Complete the dual language supplemental application <\/span><i><span style=\"font-weight: 400;\">after you have attended an orientation meeting<\/span><\/i><span style=\"font-weight: 400;\"> and turn it in before the <\/span><span style=\"font-weight: 400;\">priority enrollment period for Gretchen Higgins ends on <\/span><span style=\"font-weight: 400;\"><mark>February 28th.<\/mark><\/span><\/li>\n<li style=\"font-weight: 400;\" aria-level=\"1\"><span style=\"font-weight: 400;\">If applicants exceed capacity, a random lottery will take place after the priority enrollment period<\/span><\/li>\n<li style=\"font-weight: 400;\" aria-level=\"1\"><span style=\"font-weight: 400;\">Applications that come in after <\/span><span style=\"font-weight: 400;\"><mark>February 28th<\/mark><\/span><span style=\"font-weight: 400;\"> will be placed in date order after the last lottery number<\/span><\/li>\n<li style=\"font-weight: 400;\" aria-level=\"1\"><span style=\"font-weight: 400;\">If you are selected for the program, you will need to follow additional steps<\/span><\/li>\n<\/ol>\n<\/li>\n<\/ol>\n<\/div>\n<div class=\"es\">\n<p><span style=\"font-weight: 400;\">\u00a1Bienvenidos a la Escuela Primaria Gretchen Higgins!\u00a0 Somos una escuela de inmersi\u00f3n en dos idiomas totalmente, en ingl\u00e9s y espa\u00f1ol, modelo 90\/10 desde el nivel de K\u00ednder de Transici\u00f3n (TK) hasta 3er grado. Solo se puede entrar al programa de inmersi\u00f3n en dos idiomas a trav\u00e9s del K\u00ednder de Transici\u00f3n o K\u00ednder regular, a menos que su hijo\/a est\u00e9 actualmente inscrito en un programa de inmersi\u00f3n en dos idiomas y le gustar\u00eda solicitar y ser considerado para otro nivel de grado. En los meses de enero y febrero, estaremos organizando nuestras reuniones de orientaci\u00f3n para la inscripci\u00f3n del pr\u00f3ximo a\u00f1o escolar. Aceptamos solicitudes de dentro y fuera del Distrito para alumnos que van a ingresar al K\u00ednder de Transici\u00f3n o K\u00ednder regular. A continuaci\u00f3n, se encuentra el proceso de solicitud:<\/span><\/p>\n<ol>\n<li style=\"list-style-type: none;\"><\/li>\n<\/ol>\n<ul>\n<li style=\"font-weight: 400;\" aria-level=\"1\"><span style=\"font-weight: 400;\">Asistir a una reuni\u00f3n de orientaci\u00f3n \u2013 <\/span><span style=\"font-weight: 400;\"><mark>Confirme su asistencia para asegurar su asiento (RSVP)\u00a0<\/mark><\/span><\/li>\n<li style=\"font-weight: 400;\" aria-level=\"1\"><b>Click on Link: <\/b><b><i>Oprima el enlace<\/i><\/b><b> :<\/b> <a href=\"https:\/\/forms.gle\/sQW71YUaLtWYhF538\"><b><mark>Orientation Sign Up\/ Registro para Orientaci\u00f3n<\/mark><\/b><\/a><\/li>\n<li style=\"font-weight: 400;\" aria-level=\"1\"><span style=\"font-weight: 400;\">Despu\u00e9s de haber asistido a una reuni\u00f3n de orientaci\u00f3n, debe completar la solicitud suplementaria para el programa de inmersi\u00f3n en dos idiomas y entregarla antes de que finalice el per\u00edodo de inscripci\u00f3n prioritaria <\/span><span style=\"font-weight: 400;\"><mark>el 28 de febrero<\/mark><\/span><span style=\"font-weight: 400;\">.\u00a0<\/span><\/li>\n<li style=\"font-weight: 400;\" aria-level=\"1\"><span style=\"font-weight: 400;\">Si el n\u00famero de solicitantes supera la capacidad del programa, se realizar\u00e1 un sorteo aleatorio despu\u00e9s del per\u00edodo de inscripci\u00f3n prioritaria.<\/span><\/li>\n<li style=\"font-weight: 400;\" aria-level=\"1\"><span style=\"font-weight: 400;\">Las solicitudes que lleguen despu\u00e9s del <\/span><span style=\"font-weight: 400;\"><mark>28 de febrero<\/mark><\/span><span style=\"font-weight: 400;\"> se colocar\u00e1n por el orden de fecha a partir del \u00faltimo n\u00famero del sorteo.<\/span><\/li>\n<li style=\"font-weight: 400;\" aria-level=\"1\"><span style=\"font-weight: 400;\">Si es seleccionado para el programa, usted deber\u00e1 seguir pasos adicionales.<\/span><\/li>\n<\/ul>\n<\/div>\n<p><span style=\"font-weight: 400;\">School Contact Information:<\/span><span style=\"font-weight: 400;\"><br \/><\/span><span style=\"font-weight: 400;\">Gretchen Higgins Elementary <\/span><span style=\"font-weight: 400;\"><br \/><\/span><span style=\"font-weight: 400;\">1525 Pembroke Way<\/span><span style=\"font-weight: 400;\"><br \/><\/span><span style=\"font-weight: 400;\">Dixon, CA <\/span><span style=\"font-weight: 400;\"><br \/><\/span><span style=\"font-weight: 400;\">(530) 312- 4985 <\/span><span style=\"font-weight: 400;\"><br \/><\/span><span style=\"font-weight: 400;\">Website: <\/span><a href=\"https:\/\/www.dixonusd.org\/higgins\/\"><span style=\"font-weight: 400;\">https:\/\/www.dixonusd.org\/higgins\/<\/span><\/a><\/p>\n<p>&nbsp;<\/p>\n<p>&nbsp;<\/p>\n<table>\n<tbody>\n<tr>\n<td style=\"width: 527px;\" colspan=\"3\">\n<p style=\"text-align: center;\"><b>2025-2026 School Year Orientation Dates<\/b><\/p>\n<p style=\"text-align: center;\"><b>Fechas de Orientaci\u00f3n para el a\u00f1o escolar 2025-2026\u00a0<\/b><\/p>\n<\/td>\n<\/tr>\n<tr>\n<td style=\"width: 178px; text-align: center;\"><b>Spanish\/ Espa\u00f1ol<\/b><\/td>\n<td style=\"width: 177px; text-align: center;\"><b>English\/ ingl\u00e9s<\/b><\/td>\n<td style=\"width: 160px; text-align: center;\"><b>Bilingual\/ Biling\u00fce<\/b><\/td>\n<\/tr>\n<tr>\n<td style=\"width: 178px; text-align: center;\"><span style=\"font-weight: 400;\">Jan. 28th- 6:00 PM<\/span><\/td>\n<td style=\"width: 177px; text-align: center;\">\n<p style=\"text-align: center;\"><span style=\"font-weight: 400;\">Jan. 23rd<\/span><\/p>\n<p style=\"text-align: center;\"><span style=\"font-weight: 400;\">23 de enero &#8211; 6:00 PM<\/span><\/p>\n<\/td>\n<td style=\"width: 160px;\">\n<p style=\"text-align: center;\"><span style=\"font-weight: 400;\">Jan. 30th<\/span><\/p>\n<p style=\"text-align: center;\"><span style=\"font-weight: 400;\">enero 30 &#8211; 6:00 PM<\/span><\/p>\n<\/td>\n<\/tr>\n<tr>\n<td style=\"width: 178px; text-align: center;\">\n<p><span style=\"font-weight: 400;\">Feb. 11th<\/span><\/p>\n<p><span style=\"font-weight: 400;\">11 de febrero\u00a0 &#8211; 9: 00 AM<\/span><\/p>\n<\/td>\n<td style=\"width: 177px; text-align: center;\">\n<p><span style=\"font-weight: 400;\">Feb. 10th<\/span><\/p>\n<p><span style=\"font-weight: 400;\">10 de febrero &#8211; 9:00 AM<\/span><\/p>\n<\/td>\n<td style=\"width: 160px;\"><span style=\"font-weight: 400;\">\u00a0<\/span><\/td>\n<\/tr>\n<tr>\n<td style=\"width: 178px; text-align: center;\"><span style=\"font-weight: 400;\">Feb.\u00a0 27th &#8211; 6: 00 PM<\/span><\/td>\n<td style=\"width: 177px;\">\n<p style=\"text-align: center;\"><span style=\"font-weight: 400;\">Feb.25th<\/span><\/p>\n<p style=\"text-align: center;\"><span style=\"font-weight: 400;\">25 de febrero &#8211; 6: 00 PM<\/span><\/p>\n<\/td>\n<td style=\"width: 160px;\"><span style=\"font-weight: 400;\">\u00a0<\/span><\/td>\n<\/tr>\n<\/tbody>\n<\/table>\n<p>&nbsp;<\/p>\n<p>[\/et_pb_text][\/et_pb_column][\/et_pb_row][\/et_pb_section][et_pb_section fb_built=&#8221;1&#8243; _builder_version=&#8221;4.27.4&#8243; _module_preset=&#8221;default&#8221; positioning=&#8221;none&#8221; z_index=&#8221;402&#8243; locked=&#8221;off&#8221; global_colors_info=&#8221;{}&#8221;][et_pb_row _builder_version=&#8221;4.27.4&#8243; _module_preset=&#8221;default&#8221; positioning=&#8221;none&#8221; position_origin_f=&#8221;bottom_right&#8221; z_index=&#8221;397&#8243; global_colors_info=&#8221;{}&#8221;][et_pb_column type=&#8221;4_4&#8243; _builder_version=&#8221;4.27.4&#8243; _module_preset=&#8221;default&#8221; global_colors_info=&#8221;{}&#8221;][et_pb_text admin_label=&#8221;language buttons&#8221; _builder_version=&#8221;4.27.4&#8243; _module_preset=&#8221;default&#8221; positioning=&#8221;fixed&#8221; position_origin_f=&#8221;bottom_right&#8221; z_index=&#8221;51&#8243; max_height=&#8221;50px&#8221; global_colors_info=&#8221;{}&#8221;]<\/p>\n<p><button id=\"en_button\" class=\"et_pb_button et_pb_button_0 et_pb_bg_layout_light\" style=\"padding-top: 0; padding-bottom: 0; margin-right: 1px;\">English<\/button><button id=\"es_button\" class=\"et_pb_button et_pb_button_0 et_pb_bg_layout_light\" style=\"padding-top: 0; padding-bottom: 0;\">Espa\u00f1ol<\/button><\/p>\n<p>[\/et_pb_text][\/et_pb_column][\/et_pb_row][\/et_pb_section]<\/p>\n","protected":false},"excerpt":{"rendered":"<p>Gretchen Higgins Elementary School Dual Immersion Program- 90\/10 Model Spanish\/English Escuela Primaria de Gretchen Higgins Programa de Inmersi\u00f3n- Modelo 90\/10 Espa\u00f1ol\/ Ingl\u00e9s\u00a0 &nbsp; Welcome to Gretchen Higgins Elementary School!\u00a0 We are a 90\/10 dual immersion school, TK \u2013 3rd\u00a0 grade. The entry point in dual immersion is Transitional Kindergarten or Kindergarten only, unless you are currently enrolled in a dual immersion program and would like to apply and be considered for another grade level. We will be hosting our orientation meetings in January and February for next year\u2019s enrollment.\u00a0 We accept applications from across and outside of the district for incoming transitional kindergarten or kindergarten students.\u00a0 Below is the application process: Attend an orientation meeting \u2013 RSVP to secure your seat-click on link\u00a0 Click on Link: Oprima el enlace : Orientation Sign Up\/ Registro para Orientaci\u00f3n Complete the dual language supplemental application after you have attended an orientation meeting and turn it in before the priority enrollment period for Gretchen Higgins ends on February 28th. If applicants exceed capacity, a random lottery will take place after the priority enrollment period Applications that come in after February 28th will be placed in date order after the last lottery number If you [&hellip;]<\/p>\n","protected":false},"author":15,"featured_media":0,"parent":0,"menu_order":0,"comment_status":"closed","ping_status":"closed","template":"","meta":{"_et_pb_use_builder":"on","_et_pb_old_content":"","_et_gb_content_width":"","footnotes":""},"class_list":["post-1241","page","type-page","status-publish","hentry"],"yoast_head":"<!-- This site is optimized with the Yoast SEO plugin v27.3 - https:\/\/yoast.com\/product\/yoast-seo-wordpress\/ -->\n<title>test | Gretchen Higgins Elementary School<\/title>\n<meta name=\"robots\" content=\"index, follow, max-snippet:-1, max-image-preview:large, max-video-preview:-1\" \/>\n<link rel=\"canonical\" href=\"https:\/\/www.dixonusd.org\/higgins\/test\/\" \/>\n<meta property=\"og:locale\" content=\"en_US\" \/>\n<meta property=\"og:type\" content=\"article\" \/>\n<meta property=\"og:title\" content=\"test | Gretchen Higgins Elementary School\" \/>\n<meta property=\"og:description\" content=\"Gretchen Higgins Elementary School Dual Immersion Program- 90\/10 Model Spanish\/English Escuela Primaria de Gretchen Higgins Programa de Inmersi\u00f3n- Modelo 90\/10 Espa\u00f1ol\/ Ingl\u00e9s\u00a0 &nbsp; Welcome to Gretchen Higgins Elementary School!\u00a0 We are a 90\/10 dual immersion school, TK \u2013 3rd\u00a0 grade. The entry point in dual immersion is Transitional Kindergarten or Kindergarten only, unless you are currently enrolled in a dual immersion program and would like to apply and be considered for another grade level. We will be hosting our orientation meetings in January and February for next year\u2019s enrollment.\u00a0 We accept applications from across and outside of the district for incoming transitional kindergarten or kindergarten students.\u00a0 Below is the application process: Attend an orientation meeting \u2013 RSVP to secure your seat-click on link\u00a0 Click on Link: Oprima el enlace : Orientation Sign Up\/ Registro para Orientaci\u00f3n Complete the dual language supplemental application after you have attended an orientation meeting and turn it in before the priority enrollment period for Gretchen Higgins ends on February 28th. If applicants exceed capacity, a random lottery will take place after the priority enrollment period Applications that come in after February 28th will be placed in date order after the last lottery number If you [&hellip;]\" \/>\n<meta property=\"og:url\" content=\"https:\/\/www.dixonusd.org\/higgins\/test\/\" \/>\n<meta property=\"og:site_name\" content=\"Gretchen Higgins Elementary School\" \/>\n<meta property=\"article:modified_time\" content=\"2025-09-16T18:27:40+00:00\" \/>\n<meta name=\"twitter:card\" content=\"summary_large_image\" \/>\n<meta name=\"twitter:label1\" content=\"Est. reading time\" \/>\n\t<meta name=\"twitter:data1\" content=\"3 minutes\" \/>\n<script type=\"application\/ld+json\" class=\"yoast-schema-graph\">{\"@context\":\"https:\\\/\\\/schema.org\",\"@graph\":[{\"@type\":\"WebPage\",\"@id\":\"https:\\\/\\\/www.dixonusd.org\\\/higgins\\\/test\\\/\",\"url\":\"https:\\\/\\\/www.dixonusd.org\\\/higgins\\\/test\\\/\",\"name\":\"test | Gretchen Higgins Elementary School\",\"isPartOf\":{\"@id\":\"https:\\\/\\\/www.dixonusd.org\\\/higgins\\\/#website\"},\"datePublished\":\"2025-08-26T21:23:56+00:00\",\"dateModified\":\"2025-09-16T18:27:40+00:00\",\"breadcrumb\":{\"@id\":\"https:\\\/\\\/www.dixonusd.org\\\/higgins\\\/test\\\/#breadcrumb\"},\"inLanguage\":\"en-US\",\"potentialAction\":[{\"@type\":\"ReadAction\",\"target\":[\"https:\\\/\\\/www.dixonusd.org\\\/higgins\\\/test\\\/\"]}]},{\"@type\":\"BreadcrumbList\",\"@id\":\"https:\\\/\\\/www.dixonusd.org\\\/higgins\\\/test\\\/#breadcrumb\",\"itemListElement\":[{\"@type\":\"ListItem\",\"position\":1,\"name\":\"Home\",\"item\":\"https:\\\/\\\/www.dixonusd.org\\\/higgins\\\/\"},{\"@type\":\"ListItem\",\"position\":2,\"name\":\"test\"}]},{\"@type\":\"WebSite\",\"@id\":\"https:\\\/\\\/www.dixonusd.org\\\/higgins\\\/#website\",\"url\":\"https:\\\/\\\/www.dixonusd.org\\\/higgins\\\/\",\"name\":\"Gretchen Higgins Elementary School\",\"description\":\"Home of the Huskies\",\"publisher\":{\"@id\":\"https:\\\/\\\/www.dixonusd.org\\\/higgins\\\/#organization\"},\"potentialAction\":[{\"@type\":\"SearchAction\",\"target\":{\"@type\":\"EntryPoint\",\"urlTemplate\":\"https:\\\/\\\/www.dixonusd.org\\\/higgins\\\/?s={search_term_string}\"},\"query-input\":{\"@type\":\"PropertyValueSpecification\",\"valueRequired\":true,\"valueName\":\"search_term_string\"}}],\"inLanguage\":\"en-US\"},{\"@type\":\"Organization\",\"@id\":\"https:\\\/\\\/www.dixonusd.org\\\/higgins\\\/#organization\",\"name\":\"Gretchen Higgins Elementary - Dixon Unified School District\",\"url\":\"https:\\\/\\\/www.dixonusd.org\\\/higgins\\\/\",\"logo\":{\"@type\":\"ImageObject\",\"inLanguage\":\"en-US\",\"@id\":\"https:\\\/\\\/www.dixonusd.org\\\/higgins\\\/#\\\/schema\\\/logo\\\/image\\\/\",\"url\":\"https:\\\/\\\/www.dixonusd.org\\\/higgins\\\/wp-content\\\/uploads\\\/sites\\\/5\\\/2022\\\/02\\\/gretchen-higgins-logo-300.png\",\"contentUrl\":\"https:\\\/\\\/www.dixonusd.org\\\/higgins\\\/wp-content\\\/uploads\\\/sites\\\/5\\\/2022\\\/02\\\/gretchen-higgins-logo-300.png\",\"width\":300,\"height\":300,\"caption\":\"Gretchen Higgins Elementary - Dixon Unified School District\"},\"image\":{\"@id\":\"https:\\\/\\\/www.dixonusd.org\\\/higgins\\\/#\\\/schema\\\/logo\\\/image\\\/\"}}]}<\/script>\n<!-- \/ Yoast SEO plugin. -->","yoast_head_json":{"title":"test | Gretchen Higgins Elementary School","robots":{"index":"index","follow":"follow","max-snippet":"max-snippet:-1","max-image-preview":"max-image-preview:large","max-video-preview":"max-video-preview:-1"},"canonical":"https:\/\/www.dixonusd.org\/higgins\/test\/","og_locale":"en_US","og_type":"article","og_title":"test | Gretchen Higgins Elementary School","og_description":"Gretchen Higgins Elementary School Dual Immersion Program- 90\/10 Model Spanish\/English Escuela Primaria de Gretchen Higgins Programa de Inmersi\u00f3n- Modelo 90\/10 Espa\u00f1ol\/ Ingl\u00e9s\u00a0 &nbsp; Welcome to Gretchen Higgins Elementary School!\u00a0 We are a 90\/10 dual immersion school, TK \u2013 3rd\u00a0 grade. The entry point in dual immersion is Transitional Kindergarten or Kindergarten only, unless you are currently enrolled in a dual immersion program and would like to apply and be considered for another grade level. We will be hosting our orientation meetings in January and February for next year\u2019s enrollment.\u00a0 We accept applications from across and outside of the district for incoming transitional kindergarten or kindergarten students.\u00a0 Below is the application process: Attend an orientation meeting \u2013 RSVP to secure your seat-click on link\u00a0 Click on Link: Oprima el enlace : Orientation Sign Up\/ Registro para Orientaci\u00f3n Complete the dual language supplemental application after you have attended an orientation meeting and turn it in before the priority enrollment period for Gretchen Higgins ends on February 28th. If applicants exceed capacity, a random lottery will take place after the priority enrollment period Applications that come in after February 28th will be placed in date order after the last lottery number If you [&hellip;]","og_url":"https:\/\/www.dixonusd.org\/higgins\/test\/","og_site_name":"Gretchen Higgins Elementary School","article_modified_time":"2025-09-16T18:27:40+00:00","twitter_card":"summary_large_image","twitter_misc":{"Est. reading time":"3 minutes"},"schema":{"@context":"https:\/\/schema.org","@graph":[{"@type":"WebPage","@id":"https:\/\/www.dixonusd.org\/higgins\/test\/","url":"https:\/\/www.dixonusd.org\/higgins\/test\/","name":"test | Gretchen Higgins Elementary School","isPartOf":{"@id":"https:\/\/www.dixonusd.org\/higgins\/#website"},"datePublished":"2025-08-26T21:23:56+00:00","dateModified":"2025-09-16T18:27:40+00:00","breadcrumb":{"@id":"https:\/\/www.dixonusd.org\/higgins\/test\/#breadcrumb"},"inLanguage":"en-US","potentialAction":[{"@type":"ReadAction","target":["https:\/\/www.dixonusd.org\/higgins\/test\/"]}]},{"@type":"BreadcrumbList","@id":"https:\/\/www.dixonusd.org\/higgins\/test\/#breadcrumb","itemListElement":[{"@type":"ListItem","position":1,"name":"Home","item":"https:\/\/www.dixonusd.org\/higgins\/"},{"@type":"ListItem","position":2,"name":"test"}]},{"@type":"WebSite","@id":"https:\/\/www.dixonusd.org\/higgins\/#website","url":"https:\/\/www.dixonusd.org\/higgins\/","name":"Gretchen Higgins Elementary School","description":"Home of the Huskies","publisher":{"@id":"https:\/\/www.dixonusd.org\/higgins\/#organization"},"potentialAction":[{"@type":"SearchAction","target":{"@type":"EntryPoint","urlTemplate":"https:\/\/www.dixonusd.org\/higgins\/?s={search_term_string}"},"query-input":{"@type":"PropertyValueSpecification","valueRequired":true,"valueName":"search_term_string"}}],"inLanguage":"en-US"},{"@type":"Organization","@id":"https:\/\/www.dixonusd.org\/higgins\/#organization","name":"Gretchen Higgins Elementary - Dixon Unified School District","url":"https:\/\/www.dixonusd.org\/higgins\/","logo":{"@type":"ImageObject","inLanguage":"en-US","@id":"https:\/\/www.dixonusd.org\/higgins\/#\/schema\/logo\/image\/","url":"https:\/\/www.dixonusd.org\/higgins\/wp-content\/uploads\/sites\/5\/2022\/02\/gretchen-higgins-logo-300.png","contentUrl":"https:\/\/www.dixonusd.org\/higgins\/wp-content\/uploads\/sites\/5\/2022\/02\/gretchen-higgins-logo-300.png","width":300,"height":300,"caption":"Gretchen Higgins Elementary - Dixon Unified School District"},"image":{"@id":"https:\/\/www.dixonusd.org\/higgins\/#\/schema\/logo\/image\/"}}]}},"_links":{"self":[{"href":"https:\/\/www.dixonusd.org\/higgins\/wp-json\/wp\/v2\/pages\/1241","targetHints":{"allow":["GET"]}}],"collection":[{"href":"https:\/\/www.dixonusd.org\/higgins\/wp-json\/wp\/v2\/pages"}],"about":[{"href":"https:\/\/www.dixonusd.org\/higgins\/wp-json\/wp\/v2\/types\/page"}],"author":[{"embeddable":true,"href":"https:\/\/www.dixonusd.org\/higgins\/wp-json\/wp\/v2\/users\/15"}],"replies":[{"embeddable":true,"href":"https:\/\/www.dixonusd.org\/higgins\/wp-json\/wp\/v2\/comments?post=1241"}],"version-history":[{"count":0,"href":"https:\/\/www.dixonusd.org\/higgins\/wp-json\/wp\/v2\/pages\/1241\/revisions"}],"wp:attachment":[{"href":"https:\/\/www.dixonusd.org\/higgins\/wp-json\/wp\/v2\/media?parent=1241"}],"curies":[{"name":"wp","href":"https:\/\/api.w.org\/{rel}","templated":true}]}}